{"version":"1.0","provider_name":"REtik\u00fcl \u00e9s ami belef\u00e9r...","provider_url":"https:\/\/retikul.cafeblog.hu","author_name":"REtik\u00fcl","author_url":"https:\/\/retikul.cafeblog.hu\/author\/viragh_krisztina\/","title":"K\u00fcl\u00f6n\u00f6s med\u00e1lok","html":"<p style=\"text-align: center\">Mi mindenb\u0151l tudunk egyedi med\u00e1lt k\u00e9sz\u00edteni?Csup\u00e1n fant\u00e1zia k\u00e9rd\u00e9se :)<\/p>\r\n<p style=\"text-align: center\">1.Ruhasz\u00e1r\u00edt\u00f3 csipesz f\u00e9m alkatr\u00e9sz\u00e9re gy\u00f6ngy\u00f6t f\u0171ztem.<\/p>\r\n<p style=\"text-align: center\"><a href=\"https:\/\/retikul.cafeblog.hu\/files\/2014\/03\/PhotoGrid_1393924317958.jpg\"><img class=\"aligncenter size-medium wp-image-337\" src=\"https:\/\/retikul.cafeblog.hu\/files\/2014\/03\/PhotoGrid_1393924317958-300x200.jpg\" alt=\"PhotoGrid_1393924317958\" width=\"300\" height=\"200\" \/><\/a><\/p>\r\n<p style=\"text-align: center\">2.H\u00e1rom k\u00fcl\u00f6nb\u00f6z\u0151 m\u00e9ret\u0171 z\u00e9ger gy\u0171r\u0171t(csap\u00e1gy alkatr\u00e9sz) karik\u00e1kra f\u0171ztem.<\/p>\r\n<p style=\"text-align: center\"><a href=\"https:\/\/retikul.cafeblog.hu\/files\/2014\/03\/PhotoGrid_1393924536516.jpg\"><img class=\"aligncenter size-medium wp-image-339\" src=\"https:\/\/retikul.cafeblog.hu\/files\/2014\/03\/PhotoGrid_1393924536516-224x300.jpg\" alt=\"PhotoGrid_1393924536516\" width=\"224\" height=\"300\" \/><\/a><\/p>\r\n<p style=\"text-align: center\"><a href=\"https:\/\/retikul.cafeblog.hu\/files\/2014\/03\/PhotoGrid_1393924470969.jpg\"><img class=\"aligncenter size-medium wp-image-338\" src=\"https:\/\/retikul.cafeblog.hu\/files\/2014\/03\/PhotoGrid_1393924470969-216x300.jpg\" alt=\"PhotoGrid_1393924470969\" width=\"216\" height=\"300\" \/><\/a><\/p>\r\n<p style=\"text-align: center\">3.R\u00e9gi ruha \u00f6v csatj\u00e1b\u00f3l (a k\u00f6zep\u00e9re egy nemezelt goly\u00f3t h\u00faztam,(h\u00e1tulr\u00f3l f\u00e9lig bev\u00e1gtam \u00e9s r\u00e1ragasztottam) ez k\u00e9sz\u00fclt.<\/p>\r\n<p style=\"text-align: center\"><a href=\"https:\/\/retikul.cafeblog.hu\/files\/2014\/03\/PhotoGrid_1393925066558.jpg\"><img class=\"aligncenter size-medium wp-image-342\" src=\"https:\/\/retikul.cafeblog.hu\/files\/2014\/03\/PhotoGrid_1393925066558-224x300.jpg\" alt=\"PhotoGrid_1393925066558\" width=\"224\" height=\"300\" \/><\/a><\/p>\r\n<p style=\"text-align: center\"><a href=\"https:\/\/retikul.cafeblog.hu\/files\/2014\/03\/PhotoGrid_1393924934983.jpg\"><img class=\"aligncenter size-medium wp-image-341\" src=\"https:\/\/retikul.cafeblog.hu\/files\/2014\/03\/PhotoGrid_1393924934983-265x300.jpg\" alt=\"PhotoGrid_1393924934983\" width=\"265\" height=\"300\" \/><\/a><\/p>\r\n<p style=\"text-align: center\">4.F\u00e9m rug\u00f3 \u00e9s \u00fcveg gy\u00f6ngy kombin\u00e1lva.<\/p>\r\n<p style=\"text-align: center\"><a href=\"https:\/\/retikul.cafeblog.hu\/files\/2014\/03\/PhotoGrid_1393924599218.jpg\"><img class=\"aligncenter size-medium wp-image-340\" src=\"https:\/\/retikul.cafeblog.hu\/files\/2014\/03\/PhotoGrid_1393924599218-300x158.jpg\" alt=\"PhotoGrid_1393924599218\" width=\"300\" height=\"158\" \/><\/a><\/p>\r\n<p style=\"text-align: center\">5.Gombos med\u00e1l.<\/p>\r\n<p style=\"text-align: center\"><a href=\"https:\/\/retikul.cafeblog.hu\/files\/2014\/03\/PhotoGrid_1393926595421.jpg\"><img class=\"aligncenter size-medium wp-image-344\" src=\"https:\/\/retikul.cafeblog.hu\/files\/2014\/03\/PhotoGrid_1393926595421-224x300.jpg\" alt=\"PhotoGrid_1393926595421\" width=\"224\" height=\"300\" \/><\/a><\/p>\r\n<p style=\"text-align: center\">6.T\u00f6nkrement \u00f6v sz\u00e9ps\u00e9ges csatj\u00e1nak \u00faj '\u00e9lete'.<\/p>\r\n<p style=\"text-align: center\"><a href=\"https:\/\/retikul.cafeblog.hu\/files\/2014\/03\/PhotoGrid_1393931802605.jpg\"><img class=\"aligncenter size-medium wp-image-347\" src=\"https:\/\/retikul.cafeblog.hu\/files\/2014\/03\/PhotoGrid_1393931802605-300x200.jpg\" alt=\"PhotoGrid_1393931802605\" width=\"300\" height=\"200\" \/><\/a><\/p>\r\n<p style=\"text-align: center\"><a href=\"https:\/\/retikul.cafeblog.hu\/files\/2014\/03\/PhotoGrid_1393931588929.jpg\"><img class=\"aligncenter size-medium wp-image-345\" src=\"https:\/\/retikul.cafeblog.hu\/files\/2014\/03\/PhotoGrid_1393931588929-224x300.jpg\" alt=\"PhotoGrid_1393931588929\" width=\"224\" height=\"300\" \/><\/a><\/p>\r\n<p style=\"text-align: center\">7.Kulcs \u00e9s kulcslyuk \u00fajra gondolva..P\u00e1roknak aj\u00e1nd\u00e9kba..<\/p>\r\n<p style=\"text-align: center\"><a href=\"https:\/\/retikul.cafeblog.hu\/files\/2014\/03\/PhotoGrid_1393925269562-1.jpg\"><img class=\"aligncenter size-medium wp-image-343\" src=\"https:\/\/retikul.cafeblog.hu\/files\/2014\/03\/PhotoGrid_1393925269562-1-222x300.jpg\" alt=\"PhotoGrid_1393925269562 (1)\" width=\"222\" height=\"300\" \/><\/a><\/p>\r\n<p style=\"text-align: center\">K\u00f6sz\u00f6n\u00f6m,hogy ben\u00e9zt\u00e9l hozz\u00e1m<a title=\"https:\/\/www.facebook.com\/REtikul\" href=\"https:\/\/www.facebook.com\/REtikul\" target=\"_blank\">!<\/a><\/p>\r\n<p style=\"text-align: center\"><a title=\"https:\/\/www.facebook.com\/REtikul\" href=\"https:\/\/www.facebook.com\/REtikul\" target=\"_blank\">https:\/\/www.facebook.com\/REtikul<\/a><\/p>","type":"rich","thumbnail_url":"https:\/\/retikul.cafeblog.hu\/files\/2014\/03\/PhotoGrid_1393924317958-150x150.jpg","thumbnail_width":150,"thumbnail_height":150}

REtikül és ami belefér...

REtikül

Különös medálok

<p style="text-align: center">Mi mindenből tudunk egyedi medált készíteni?Csupán fantázia kérdése :)</p>
<p style="text-align: center">1.Ruhaszárító csipesz fém alkatrészére gyöngyöt fűztem.</p>
<p style="text-align: center"><a href="https://retikul.cafeblog.hu/files/2014/03/PhotoGrid_1393924317958.jpg"><img class="aligncenter size-medium wp-image-337" src="https://retikul.cafeblog.hu/files/2014/03/PhotoGrid_1393924317958-300x200.jpg" alt="PhotoGrid_1393924317958" width="300" height="200" /></a></p>
<p style="text-align: center">2.Három különböző méretű zéger gyűrűt(csapágy alkatrész) karikákra fűztem.</p>
<p style="text-align: center"><a href="https://retikul.cafeblog.hu/files/2014/03/PhotoGrid_1393924536516.jpg"><img class="aligncenter size-medium wp-image-339" src="https://retikul.cafeblog.hu/files/2014/03/PhotoGrid_1393924536516-224x300.jpg" alt="PhotoGrid_1393924536516" width="224" height="300" /></a></p>
<p style="text-align: center"><a href="https://retikul.cafeblog.hu/files/2014/03/PhotoGrid_1393924470969.jpg"><img class="aligncenter size-medium wp-image-338" src="https://retikul.cafeblog.hu/files/2014/03/PhotoGrid_1393924470969-216x300.jpg" alt="PhotoGrid_1393924470969" width="216" height="300" /></a></p>
<p style="text-align: center">3.Régi ruha öv csatjából (a közepére egy nemezelt golyót húztam,(hátulról félig bevágtam és ráragasztottam) ez készült.</p>
<p style="text-align: center"><a href="https://retikul.cafeblog.hu/files/2014/03/PhotoGrid_1393925066558.jpg"><img class="aligncenter size-medium wp-image-342" src="https://retikul.cafeblog.hu/files/2014/03/PhotoGrid_1393925066558-224x300.jpg" alt="PhotoGrid_1393925066558" width="224" height="300" /></a></p>
<p style="text-align: center"><a href="https://retikul.cafeblog.hu/files/2014/03/PhotoGrid_1393924934983.jpg"><img class="aligncenter size-medium wp-image-341" src="https://retikul.cafeblog.hu/files/2014/03/PhotoGrid_1393924934983-265x300.jpg" alt="PhotoGrid_1393924934983" width="265" height="300" /></a></p>
<p style="text-align: center">4.Fém rugó és üveg gyöngy kombinálva.</p>
<p style="text-align: center"><a href="https://retikul.cafeblog.hu/files/2014/03/PhotoGrid_1393924599218.jpg"><img class="aligncenter size-medium wp-image-340" src="https://retikul.cafeblog.hu/files/2014/03/PhotoGrid_1393924599218-300x158.jpg" alt="PhotoGrid_1393924599218" width="300" height="158" /></a></p>
<p style="text-align: center">5.Gombos medál.</p>
<p style="text-align: center"><a href="https://retikul.cafeblog.hu/files/2014/03/PhotoGrid_1393926595421.jpg"><img class="aligncenter size-medium wp-image-344" src="https://retikul.cafeblog.hu/files/2014/03/PhotoGrid_1393926595421-224x300.jpg" alt="PhotoGrid_1393926595421" width="224" height="300" /></a></p>
<p style="text-align: center">6.Tönkrement öv szépséges csatjának új 'élete'.</p>
<p style="text-align: center"><a href="https://retikul.cafeblog.hu/files/2014/03/PhotoGrid_1393931802605.jpg"><img class="aligncenter size-medium wp-image-347" src="https://retikul.cafeblog.hu/files/2014/03/PhotoGrid_1393931802605-300x200.jpg" alt="PhotoGrid_1393931802605" width="300" height="200" /></a></p>
<p style="text-align: center"><a href="https://retikul.cafeblog.hu/files/2014/03/PhotoGrid_1393931588929.jpg"><img class="aligncenter size-medium wp-image-345" src="https://retikul.cafeblog.hu/files/2014/03/PhotoGrid_1393931588929-224x300.jpg" alt="PhotoGrid_1393931588929" width="224" height="300" /></a></p>
<p style="text-align: center">7.Kulcs és kulcslyuk újra gondolva..Pároknak ajándékba..</p>
<p style="text-align: center"><a href="https://retikul.cafeblog.hu/files/2014/03/PhotoGrid_1393925269562-1.jpg"><img class="aligncenter size-medium wp-image-343" src="https://retikul.cafeblog.hu/files/2014/03/PhotoGrid_1393925269562-1-222x300.jpg" alt="PhotoGrid_1393925269562 (1)" width="222" height="300" /></a></p>
<p style="text-align: center">Köszönöm,hogy benéztél hozzám<a title="https://www.facebook.com/REtikul" href="https://www.facebook.com/REtikul" target="_blank">!</a></p>
<p style="text-align: center"><a title="https://www.facebook.com/REtikul" href="https://www.facebook.com/REtikul" target="_blank">https://www.facebook.com/REtikul</a></p>
