{"version":"1.0","provider_name":"REtik\u00fcl \u00e9s ami belef\u00e9r...","provider_url":"https:\/\/retikul.cafeblog.hu","author_name":"REtik\u00fcl","author_url":"https:\/\/retikul.cafeblog.hu\/author\/viragh_krisztina\/","title":"Bodz\u00e1s \u00fcdv\u00f6zlet","html":"<p style=\"text-align: center\">Szeretem a bodza vir\u00e1g\u00e1t,\u00e1gas-bogas,kesze-kusza feh\u00e9r vir\u00e1gzat\u00e1t.Szeretem a bodza sz\u00f6rp\u00f6t is.Bodza sz\u00f6rp k\u00e9sz\u00edt\u00e9s k\u00f6zben elgondolkodtam,hogyan lehetne meg\u0151rizni egyet-egyet ebb\u0151l a sz\u00e9p vir\u00e1gb\u00f3l.A legegyszer\u0171bben:pr\u00e9sel\u00e9ssel.<\/p>\r\n<p style=\"text-align: center\">A lepr\u00e9selt vir\u00e1gokb\u00f3l pedig sz\u00e9ps\u00e9ges \u00fcdv\u00f6zl\u0151,k\u00f6sz\u00f6nt\u0151,aj\u00e1nd\u00e9k k\u00eds\u00e9r\u0151 lapokat k\u00e9sz\u00edthet\u00fcnk.<\/p>\r\n<p style=\"text-align: center\">Sz\u00fcks\u00e9ges anyagok:<\/p>\r\n<p style=\"text-align: center\">-s\u00fct\u0151pap\u00edr,<\/p>\r\n<p style=\"text-align: center\">-tap\u00e9ta ragaszt\u00f3 vagy b\u00e1rmilyen hobbi ragaszt\u00f3,ami sz\u00e1rad\u00e1s ut\u00e1n \u00e1tl\u00e1tsz\u00f3 lesz,<\/p>\r\n<p style=\"text-align: center\">-pr\u00e9selt vir\u00e1gok(lehet m\u00e1s is,nem csak bodza),<\/p>\r\n<p style=\"text-align: center\">-v\u00e9kony natur,halv\u00e1ny sz\u00edn\u0171 pap\u00edrok(pl.\u00edr\u00f3lap,notesz lap) az \u00fcdv\u00f6zl\u0151lap alapj\u00e1hoz,<\/p>\r\n<p style=\"text-align: center\">-raffia v.sp\u00e1rga a masnihoz.<\/p>\r\n<p style=\"text-align: center\">Elk\u00e9sz\u00edt\u00e9s menete:<\/p>\r\n<p style=\"text-align: center\">1.A s\u00fct\u0151pap\u00edrt leter\u00edtj\u00fck \u00e9s bekenj\u00fck ragaszt\u00f3val:<\/p>\r\n<p style=\"text-align: center\"><a href=\"https:\/\/retikul.cafeblog.hu\/files\/2014\/05\/PhotoGrid_1400661445865.jpg\"><img class=\"aligncenter size-medium wp-image-1575\" src=\"https:\/\/retikul.cafeblog.hu\/files\/2014\/05\/PhotoGrid_1400661445865-300x225.jpg\" alt=\"PhotoGrid_1400661445865\" width=\"300\" height=\"225\" \/><\/a><\/p>\r\n<p style=\"text-align: center\">2.R\u00e1tessz\u00fck a lepr\u00e9selt vir\u00e1gokat.\u00c9n itt \u00e9pp a bodza lehullott kis vir\u00e1gait sz\u00f3rtam r\u00e1 egyenletesen,ezeket nem pr\u00e9seltem le el\u0151tte.<\/p>\r\n<p style=\"text-align: center\"><a href=\"https:\/\/retikul.cafeblog.hu\/files\/2014\/05\/PhotoGrid_1400661490394.jpg\"><img class=\"aligncenter size-medium wp-image-1576\" src=\"https:\/\/retikul.cafeblog.hu\/files\/2014\/05\/PhotoGrid_1400661490394-300x225.jpg\" alt=\"PhotoGrid_1400661490394\" width=\"300\" height=\"225\" \/><\/a><\/p>\r\n<p style=\"text-align: center\">3.Az egyben sz\u00e1r\u00edtott vir\u00e1got fel\u00fclr\u0151l is kenj\u00fck \u00e1t \u00f3vatosan ragaszt\u00f3val.R\u00e1helyez\u00fcnk m\u00e9g egy r\u00e9teg s\u00fct\u0151pap\u00edrt..Teh\u00e1t a vir\u00e1gok a k\u00e9t r\u00e9teg s\u00fct\u0151pap\u00edr k\u00f6z\u00e9 ker\u00fcltek.Alaposan lelap\u00edtgatjuk,kisim\u00edtgatjuk.<\/p>\r\n<p style=\"text-align: center\">4.Sz\u00e1r\u00edtjuk.<\/p>\r\n<p style=\"text-align: center\">A k\u00e9pen a k\u00e9t sz\u00e9ls\u0151n l\u00e1tszik,hogy s\u00f6t\u00e9tebb.Lehet nem zs\u00edros,haszn\u00e1lt s\u00fct\u0151pap\u00edrt \u00fajrahasznos\u00edtani vagy egy kis barna fest\u00e9kkel megfestj\u00fck,\u00edgy kicsit antik hat\u00e1st kelt.<\/p>\r\n<p style=\"text-align: center\"><a href=\"https:\/\/retikul.cafeblog.hu\/files\/2014\/05\/PhotoGrid_1400661692688.jpg\"><img class=\"aligncenter wp-image-1577 size-large\" src=\"https:\/\/retikul.cafeblog.hu\/files\/2014\/05\/PhotoGrid_1400661692688-600x307.jpg\" alt=\"PhotoGrid_1400661692688\" width=\"600\" height=\"307\" \/><\/a><\/p>\r\n<p style=\"text-align: center\">5.Elk\u00e9sz\u00edtj\u00fck az \u00fcdv\u00f6zl\u0151 lapunkat...<\/p>\r\n<p style=\"text-align: center\">\u00a0A h\u00e1tlapot \u00e9s az el\u0151lapot is \u00e1tlyukasztottam...raffi\u00e1t f\u0171ztem bele,masnit k\u00f6t\u00f6ttem r\u00e1.<\/p>\r\n<p style=\"text-align: center\">Valamelyikn\u00e9l a h\u00e1tlapot is k\u00f6rbet\u00e9ptem,a vir\u00e1ghoz igazodva,\u00edgy 'rusztikusabb' lett.<\/p>\r\n<p style=\"text-align: center\">\u00a0<\/p>\r\n<p style=\"text-align: center\"><a href=\"https:\/\/retikul.cafeblog.hu\/files\/2014\/05\/PhotoGrid_1400662570515.jpg\"><img class=\"aligncenter wp-image-1583 size-large\" src=\"https:\/\/retikul.cafeblog.hu\/files\/2014\/05\/PhotoGrid_1400662570515-449x600.jpg\" alt=\"PhotoGrid_1400662570515\" width=\"449\" height=\"600\" \/><\/a><\/p>\r\n<p style=\"text-align: center\"><a href=\"https:\/\/retikul.cafeblog.hu\/files\/2014\/05\/PhotoGrid_1400662308634.jpg\"><img class=\"aligncenter wp-image-1581 size-large\" src=\"https:\/\/retikul.cafeblog.hu\/files\/2014\/05\/PhotoGrid_1400662308634-449x600.jpg\" alt=\"PhotoGrid_1400662308634\" width=\"449\" height=\"600\" \/><\/a><\/p>\r\n<p style=\"text-align: center\"><a href=\"https:\/\/retikul.cafeblog.hu\/files\/2014\/05\/PhotoGrid_1400662518617.jpg\"><img class=\"aligncenter wp-image-1600 size-large\" src=\"https:\/\/retikul.cafeblog.hu\/files\/2014\/05\/PhotoGrid_1400662518617-600x503.jpg\" alt=\"PhotoGrid_1400662518617\" width=\"600\" height=\"503\" \/><\/a><\/p>\r\n<p style=\"text-align: center\"><a href=\"https:\/\/retikul.cafeblog.hu\/files\/2014\/05\/PhotoGrid_1400662188914.jpg\"><img class=\"aligncenter wp-image-1580 size-large\" src=\"https:\/\/retikul.cafeblog.hu\/files\/2014\/05\/PhotoGrid_1400662188914-600x600.jpg\" alt=\"PhotoGrid_1400662188914\" width=\"600\" height=\"600\" \/><\/a><\/p>\r\n<p style=\"text-align: center\">Viszem is aj\u00e1nd\u00e9kba...Egy \u00fcveg h\u00e1zi \u00a0bodza sz\u00f6rp mell\u00e9,k\u00eds\u00e9r\u0151nek biggyesztettem.<\/p>\r\n<p style=\"text-align: center\"><a href=\"https:\/\/retikul.cafeblog.hu\/files\/2014\/05\/PhotoGrid_1400765292201.jpg\"><img class=\"aligncenter wp-image-1621 size-large\" src=\"https:\/\/retikul.cafeblog.hu\/files\/2014\/05\/PhotoGrid_1400765292201-449x600.jpg\" alt=\"PhotoGrid_1400765292201\" width=\"449\" height=\"600\" \/><\/a><\/p>\r\n<p style=\"text-align: center\">Az \u00fcdv\u00f6zlet vagy j\u00f3k\u00edv\u00e1ns\u00e1g mell\u00e9 tegy\u00fck hozz\u00e1,hogy( lappal egy\u00fctt) n\u00e9zz a f\u00e9ny fel\u00e9...<\/p>\r\n<p style=\"text-align: center\">Tov\u00e1bb\u00e1 l\u00e1mp\u00e1st is k\u00e9sz\u00edthet\u00fcnk a bodzavir\u00e1gb\u00f3l.<\/p>\r\n<p style=\"text-align: center\">A fentebb mutatott pap\u00edr\u00edv\u00fcnket egy bef\u0151ttes\u00fcveg v. egy v\u00e1za k\u00f6r\u00e9 kanyarintjuk...<\/p>\r\n<p style=\"text-align: center\"><a href=\"https:\/\/retikul.cafeblog.hu\/files\/2015\/01\/IMG_2436_resize.jpg\"><img class=\"aligncenter wp-image-3880 size-large\" src=\"https:\/\/retikul.cafeblog.hu\/files\/2015\/01\/IMG_2436_resize-400x600.jpg\" alt=\"IMG_2436_resize\" width=\"400\" height=\"600\" \/><\/a><\/p>\r\n<p style=\"text-align: center\">K\u00f6sz\u00f6n\u00f6m,hogy ben\u00e9zt\u00e9l hozz\u00e1m!<\/p>\r\n<p style=\"text-align: center\">Ha \u00e9rtes\u00fclni szeretn\u00e9l a leg\u00fajabb bejegyz\u00e9sekr\u0151l,kattints a Facebook-on is!<\/p>\r\n<p style=\"text-align: center\"><a title=\"https:\/\/www.facebook.com\/REtikul\" href=\"https:\/\/www.facebook.com\/REtikul\" target=\"_blank\">https:\/\/www.facebook.com\/REtikul<\/a><\/p>","type":"rich"}

REtikül és ami belefér...

REtikül

Bodzás üdvözlet

<p style="text-align: center">Szeretem a bodza virágát,ágas-bogas,kesze-kusza fehér virágzatát.Szeretem a bodza szörpöt is.Bodza szörp készítés közben elgondolkodtam,hogyan lehetne megőrizni egyet-egyet ebből a szép virágból.A legegyszerűbben:préseléssel.</p>
<p style="text-align: center">A lepréselt virágokból pedig szépséges üdvözlő,köszöntő,ajándék kísérő lapokat készíthetünk.</p>
<p style="text-align: center">Szükséges anyagok:</p>
<p style="text-align: center">-sütőpapír,</p>
<p style="text-align: center">-tapéta ragasztó vagy bármilyen hobbi ragasztó,ami száradás után átlátszó lesz,</p>
<p style="text-align: center">-préselt virágok(lehet más is,nem csak bodza),</p>
<p style="text-align: center">-vékony natur,halvány színű papírok(pl.írólap,notesz lap) az üdvözlőlap alapjához,</p>
<p style="text-align: center">-raffia v.spárga a masnihoz.</p>
<p style="text-align: center">Elkészítés menete:</p>
<p style="text-align: center">1.A sütőpapírt leterítjük és bekenjük ragasztóval:</p>
<p style="text-align: center"><a href="https://retikul.cafeblog.hu/files/2014/05/PhotoGrid_1400661445865.jpg"><img class="aligncenter size-medium wp-image-1575" src="https://retikul.cafeblog.hu/files/2014/05/PhotoGrid_1400661445865-300x225.jpg" alt="PhotoGrid_1400661445865" width="300" height="225" /></a></p>
<p style="text-align: center">2.Rátesszük a lepréselt virágokat.Én itt épp a bodza lehullott kis virágait szórtam rá egyenletesen,ezeket nem préseltem le előtte.</p>
<p style="text-align: center"><a href="https://retikul.cafeblog.hu/files/2014/05/PhotoGrid_1400661490394.jpg"><img class="aligncenter size-medium wp-image-1576" src="https://retikul.cafeblog.hu/files/2014/05/PhotoGrid_1400661490394-300x225.jpg" alt="PhotoGrid_1400661490394" width="300" height="225" /></a></p>
<p style="text-align: center">3.Az egyben szárított virágot felülről is kenjük át óvatosan ragasztóval.Ráhelyezünk még egy réteg sütőpapírt..Tehát a virágok a két réteg sütőpapír közé kerültek.Alaposan lelapítgatjuk,kisimítgatjuk.</p>
<p style="text-align: center">4.Szárítjuk.</p>
<p style="text-align: center">A képen a két szélsőn látszik,hogy sötétebb.Lehet nem zsíros,használt sütőpapírt újrahasznosítani vagy egy kis barna festékkel megfestjük,így kicsit antik hatást kelt.</p>
<p style="text-align: center"><a href="https://retikul.cafeblog.hu/files/2014/05/PhotoGrid_1400661692688.jpg"><img class="aligncenter wp-image-1577 size-large" src="https://retikul.cafeblog.hu/files/2014/05/PhotoGrid_1400661692688-600x307.jpg" alt="PhotoGrid_1400661692688" width="600" height="307" /></a></p>
<p style="text-align: center">5.Elkészítjük az üdvözlő lapunkat...</p>
<p style="text-align: center"> A hátlapot és az előlapot is átlyukasztottam...raffiát fűztem bele,masnit kötöttem rá.</p>
<p style="text-align: center">Valamelyiknél a hátlapot is körbetéptem,a virághoz igazodva,így 'rusztikusabb' lett.</p>
<p style="text-align: center"> </p>
<p style="text-align: center"><a href="https://retikul.cafeblog.hu/files/2014/05/PhotoGrid_1400662570515.jpg"><img class="aligncenter wp-image-1583 size-large" src="https://retikul.cafeblog.hu/files/2014/05/PhotoGrid_1400662570515-449x600.jpg" alt="PhotoGrid_1400662570515" width="449" height="600" /></a></p>
<p style="text-align: center"><a href="https://retikul.cafeblog.hu/files/2014/05/PhotoGrid_1400662308634.jpg"><img class="aligncenter wp-image-1581 size-large" src="https://retikul.cafeblog.hu/files/2014/05/PhotoGrid_1400662308634-449x600.jpg" alt="PhotoGrid_1400662308634" width="449" height="600" /></a></p>
<p style="text-align: center"><a href="https://retikul.cafeblog.hu/files/2014/05/PhotoGrid_1400662518617.jpg"><img class="aligncenter wp-image-1600 size-large" src="https://retikul.cafeblog.hu/files/2014/05/PhotoGrid_1400662518617-600x503.jpg" alt="PhotoGrid_1400662518617" width="600" height="503" /></a></p>
<p style="text-align: center"><a href="https://retikul.cafeblog.hu/files/2014/05/PhotoGrid_1400662188914.jpg"><img class="aligncenter wp-image-1580 size-large" src="https://retikul.cafeblog.hu/files/2014/05/PhotoGrid_1400662188914-600x600.jpg" alt="PhotoGrid_1400662188914" width="600" height="600" /></a></p>
<p style="text-align: center">Viszem is ajándékba...Egy üveg házi  bodza szörp mellé,kísérőnek biggyesztettem.</p>
<p style="text-align: center"><a href="https://retikul.cafeblog.hu/files/2014/05/PhotoGrid_1400765292201.jpg"><img class="aligncenter wp-image-1621 size-large" src="https://retikul.cafeblog.hu/files/2014/05/PhotoGrid_1400765292201-449x600.jpg" alt="PhotoGrid_1400765292201" width="449" height="600" /></a></p>
<p style="text-align: center">Az üdvözlet vagy jókívánság mellé tegyük hozzá,hogy( lappal együtt) nézz a fény felé...</p>
<p style="text-align: center">Továbbá lámpást is készíthetünk a bodzavirágból.</p>
<p style="text-align: center">A fentebb mutatott papírívünket egy befőttesüveg v. egy váza köré kanyarintjuk...</p>
<p style="text-align: center"><a href="https://retikul.cafeblog.hu/files/2015/01/IMG_2436_resize.jpg"><img class="aligncenter wp-image-3880 size-large" src="https://retikul.cafeblog.hu/files/2015/01/IMG_2436_resize-400x600.jpg" alt="IMG_2436_resize" width="400" height="600" /></a></p>
<p style="text-align: center">Köszönöm,hogy benéztél hozzám!</p>
<p style="text-align: center">Ha értesülni szeretnél a legújabb bejegyzésekről,kattints a Facebook-on is!</p>
<p style="text-align: center"><a title="https://www.facebook.com/REtikul" href="https://www.facebook.com/REtikul" target="_blank">https://www.facebook.com/REtikul</a></p>
