{"version":"1.0","provider_name":"REtik\u00fcl \u00e9s ami belef\u00e9r...","provider_url":"https:\/\/retikul.cafeblog.hu","author_name":"REtik\u00fcl","author_url":"https:\/\/retikul.cafeblog.hu\/author\/viragh_krisztina\/","title":"Csereszny\u00e9zz\u00fcnk!","html":"<p style=\"text-align: center\">\u00c9rik a cseresznye,finom \u00e9des feket\u00e9re...j\u00f3 leszedni,j\u00f3 megenni.Olyan kedves form\u00e1ja van,sz\u00edvesen n\u00e9z\u00fcnk r\u00e1 egy mosolyg\u00f3s cseresznye p\u00e1rra.Ez\u00e9rt azt\u00e1n \u00fagy d\u00f6nt\u00f6tt\u00fcnk n\u00e9h\u00e1ny dolgot csereszny\u00e9s(z)ebb\u00e9 tesz\u00fcnk a k\u00f6rnyezet\u00fcnkben.<\/p>\r\n<p style=\"text-align: center\">Gyerk\u0151c\u00f6kkel megval\u00f3s\u00edthat\u00f3 \u00f6tletek!<\/p>\r\n<p style=\"text-align: center\">J\u00f6jj\u00f6n 7+1 tipp...mib\u0151l is lesz a cseresznye.<\/p>\r\n<p style=\"text-align: center\">1.Nyomd\u00e1zzunk csomagol\u00f3pap\u00edrra!<\/p>\r\n<p style=\"text-align: center\">Egy parafadug\u00f3 kell hozz\u00e1 \u00e9s n\u00e9mi tempera v.akril fest\u00e9k.<\/p>\r\n<p style=\"text-align: center\">A fest\u00e9ket kis t\u00e1lk\u00e1ba v.szivacsra tessz\u00fck,belem\u00e1rtjuk a dug\u00f3t \u00e9s m\u00e1r kedv\u00fcnk szerint nyomd\u00e1zhatunk is.Ha megsz\u00e1radt sz\u00e1rat,levelet rajzolunk.<\/p>\r\n<p style=\"text-align: center\"><a href=\"https:\/\/retikul.cafeblog.hu\/files\/2014\/06\/PhotoGrid_14017205119541.jpg\"><img class=\"aligncenter wp-image-1714 size-large\" src=\"https:\/\/retikul.cafeblog.hu\/files\/2014\/06\/PhotoGrid_14017205119541-600x458.jpg\" alt=\"PhotoGrid_1401720511954\" width=\"600\" height=\"458\" \/><\/a><\/p>\r\n<p style=\"text-align: center\">2.Nyomd\u00e1zzunk \u00a0p\u00f3l\u00f3ra!<\/p>\r\n<p style=\"text-align: center\">Az el\u0151z\u0151ekhez hasonl\u00f3an j\u00e1runk el,de itt textil(PentArt-ot haszn\u00e1ltam) fest\u00e9kbe m\u00e1rtjuk a dug\u00f3t,a sz\u00e1r\u00e1hoz pedig textil filcet haszn\u00e1lunk.Sz\u00e1rad\u00e1s ut\u00e1n pedig,s\u00fct\u0151pap\u00edrt r\u00e1helyezve \u00e1tvasaljuk(fix\u00e1ljuk).<\/p>\r\n<p style=\"text-align: center\"><a href=\"https:\/\/retikul.cafeblog.hu\/files\/2014\/06\/PhotoGrid_1401718496098.jpg\"><img class=\"aligncenter wp-image-1693 size-large\" src=\"https:\/\/retikul.cafeblog.hu\/files\/2014\/06\/PhotoGrid_1401718496098-600x450.jpg\" alt=\"PhotoGrid_1401718496098\" width=\"600\" height=\"450\" \/><\/a><\/p>\r\n<p style=\"text-align: center\"><a href=\"https:\/\/retikul.cafeblog.hu\/files\/2014\/06\/PhotoGrid_1401718583858.jpg\"><img class=\"aligncenter wp-image-1694 size-large\" src=\"https:\/\/retikul.cafeblog.hu\/files\/2014\/06\/PhotoGrid_1401718583858-600x486.jpg\" alt=\"PhotoGrid_1401718583858\" width=\"600\" height=\"486\" \/><\/a><\/p>\r\n<p style=\"text-align: center\">3.Ragasszunk kupak csereszny\u00e9t!<\/p>\r\n<p style=\"text-align: center\">A m\u0171anyag kupakok csereszny\u00e9s\u00edt\u00e9se j\u00f3 mulats\u00e1g.<\/p>\r\n<p style=\"text-align: center\">Alapnak \u00a0kem\u00e9ny pap\u00edrt v\u00e1lasszunk.\u00c9n ragaszt\u00f3pisztollyal r\u00f6gz\u00edtettem.<\/p>\r\n<p style=\"text-align: center\">A sz\u00e1r\u00e1hoz t\u00f6nkrement aj\u00e1nd\u00e9kt\u00e1ska f\u00fcl\u00e9t haszn\u00e1ltam.<\/p>\r\n<p style=\"text-align: center\"><a href=\"https:\/\/retikul.cafeblog.hu\/files\/2014\/06\/PhotoGrid_1401718645824.jpg\"><img class=\"aligncenter wp-image-1695 size-large\" src=\"https:\/\/retikul.cafeblog.hu\/files\/2014\/06\/PhotoGrid_1401718645824-600x450.jpg\" alt=\"PhotoGrid_1401718645824\" width=\"600\" height=\"450\" \/><\/a><\/p>\r\n<p style=\"text-align: center\">4.K\u00e9sz\u00edts\u00fcnk pap\u00edrk\u00e9pet\/\u00fcdv\u00f6zl\u0151 lapot!<\/p>\r\n<p style=\"text-align: center\">A cseresznye szem,bonbonos(mini muffinos) pap\u00edr.<\/p>\r\n<p style=\"text-align: center\"><a href=\"https:\/\/retikul.cafeblog.hu\/files\/2014\/06\/PhotoGrid_1401719711223.jpg\"><img class=\"aligncenter wp-image-1700 size-large\" src=\"https:\/\/retikul.cafeblog.hu\/files\/2014\/06\/PhotoGrid_1401719711223-600x450.jpg\" alt=\"PhotoGrid_1401719711223\" width=\"600\" height=\"450\" \/><\/a><\/p>\r\n<p style=\"text-align: center\">5.Di\u00f3b\u00f3l cseresznye?<\/p>\r\n<p style=\"text-align: center\">F\u00e9l di\u00f3 h\u00e9j\u00e1t lefestj\u00fck akril fest\u00e9kkel.A sz\u00e1ra itt is aj\u00e1nd\u00e9kt\u00e1ska f\u00fcl.<\/p>\r\n<p style=\"text-align: center\"><a href=\"https:\/\/retikul.cafeblog.hu\/files\/2014\/06\/PhotoGrid_1401719827408.jpg\"><img class=\"aligncenter wp-image-1701 size-large\" src=\"https:\/\/retikul.cafeblog.hu\/files\/2014\/06\/PhotoGrid_1401719827408-449x600.jpg\" alt=\"PhotoGrid_1401719827408\" width=\"449\" height=\"600\" \/><\/a><\/p>\r\n<p style=\"text-align: center\">6.Varrjunk gombb\u00f3l csereszny\u00e9t!<\/p>\r\n<p style=\"text-align: center\">A gombot saj\u00e1t magam k\u00e9sz\u00edtettem.A gomb beh\u00faz\u00e1sr\u00f3l <a title=\"https:\/\/retikul.cafeblog.hu\/2014\/05\/05\/textil-gombok\/\" href=\"https:\/\/retikul.cafeblog.hu\/2014\/05\/05\/textil-gombok\/\" target=\"_blank\">itt<\/a> \u00edrtam.<\/p>\r\n<p style=\"text-align: center\">Egy sima trik\u00f3t v.p\u00f3l\u00f3t egyediv\u00e9 tehet\u00fcnk egy p\u00e1r csereszny\u00e9vel.<\/p>\r\n<p style=\"text-align: center\"><a href=\"https:\/\/retikul.cafeblog.hu\/files\/2014\/06\/PhotoGrid_14017188017601.jpg\"><img class=\"aligncenter wp-image-1715 size-large\" src=\"https:\/\/retikul.cafeblog.hu\/files\/2014\/06\/PhotoGrid_14017188017601-600x449.jpg\" alt=\"PhotoGrid_1401718801760\" width=\"600\" height=\"449\" \/><\/a><\/p>\r\n<p style=\"text-align: center\"><a href=\"https:\/\/retikul.cafeblog.hu\/files\/2014\/06\/PhotoGrid_1401718890844.jpg\"><img class=\"aligncenter wp-image-1698 size-large\" src=\"https:\/\/retikul.cafeblog.hu\/files\/2014\/06\/PhotoGrid_1401718890844-600x450.jpg\" alt=\"PhotoGrid_1401718890844\" width=\"600\" height=\"450\" \/><\/a><\/p>\r\n<p style=\"text-align: center\">7.K\u00e9sz\u00edts\u00fcnk kit\u0171z\u0151t t\u00e1sk\u00e1ra!<\/p>\r\n<p style=\"text-align: center\">Elrugaszkodhatunk a szok\u00e1sos 'piros a szeme,z\u00f6ld a sz\u00e1ra' fel\u00e1ll\u00e1st\u00f3l..\u00e9n itt piros sz\u00e1r(szint\u00e9n taty\u00f3 f\u00fcl),mint\u00e1s gomb verzi\u00f3t v\u00e1lasztottam.Na,ha valaki nem ismeri fel,hogy ez cseresznye,h\u00e1t seg\u00edtek neki.<\/p>\r\n<p style=\"text-align: center\">Hasonl\u00f3k\u00e9pp beh\u00fazott gombb\u00f3l k\u00e9sz\u00edtettem,r\u00e1ragasztottam egy kit\u0171z\u0151 alapra,a sz\u00e1r\u00e1n\u00e1l fogva \u00e9s m\u00e1r biggyeszthettem is r\u00e1 a kis t\u00e1sk\u00e1ra.<\/p>\r\n<p style=\"text-align: center\"><a href=\"https:\/\/retikul.cafeblog.hu\/files\/2014\/06\/PhotoGrid_1401720585511.jpg\"><img class=\"aligncenter wp-image-1706 size-large\" src=\"https:\/\/retikul.cafeblog.hu\/files\/2014\/06\/PhotoGrid_1401720585511-600x450.jpg\" alt=\"PhotoGrid_1401720585511\" width=\"600\" height=\"450\" \/><\/a><\/p>\r\n<p style=\"text-align: center\">7+1.P\u00f6tty\u00f6sb\u0151l cserk\u00f3t!<\/p>\r\n<p style=\"text-align: center\">A kedvenc szalv\u00e9t\u00e1m h\u00e9tk\u00f6znapokon,ez a vid\u00e1m p\u00f6tty\u00f6s mint\u00e1j\u00fa.<\/p>\r\n<p style=\"text-align: center\">Kicsit \u00e1talak\u00edtottam..egyszer\u0171en sz\u00e1rat h\u00faztam a p\u00f6tty\u00f6knek..\u00e9s lett bel\u0151le cseresznye.<\/p>\r\n<p style=\"text-align: center\"><a href=\"https:\/\/retikul.cafeblog.hu\/files\/2014\/06\/PhotoGrid_1401722069267.jpg\"><img class=\"aligncenter wp-image-1707 size-large\" src=\"https:\/\/retikul.cafeblog.hu\/files\/2014\/06\/PhotoGrid_1401722069267-449x600.jpg\" alt=\"PhotoGrid_1401722069267\" width=\"449\" height=\"600\" \/><\/a><\/p>\r\n<p style=\"text-align: center\"><a href=\"https:\/\/retikul.cafeblog.hu\/files\/2014\/06\/PhotoGrid_1401723096302.jpg\"><img class=\"aligncenter wp-image-1709 size-large\" src=\"https:\/\/retikul.cafeblog.hu\/files\/2014\/06\/PhotoGrid_1401723096302-600x450.jpg\" alt=\"PhotoGrid_1401723096302\" width=\"600\" height=\"450\" \/><\/a><\/p>\r\n<p style=\"text-align: center\"><a href=\"https:\/\/retikul.cafeblog.hu\/files\/2014\/06\/PhotoGrid_1401723041484.jpg\"><img class=\"aligncenter wp-image-1708 size-large\" src=\"https:\/\/retikul.cafeblog.hu\/files\/2014\/06\/PhotoGrid_1401723041484-449x600.jpg\" alt=\"PhotoGrid_1401723041484\" width=\"449\" height=\"600\" \/><\/a><\/p>\r\n<p style=\"text-align: center\"><a href=\"https:\/\/retikul.cafeblog.hu\/files\/2014\/06\/PhotoGrid_1401723378132.jpg\"><img class=\"aligncenter wp-image-1710 size-large\" src=\"https:\/\/retikul.cafeblog.hu\/files\/2014\/06\/PhotoGrid_1401723378132-600x450.jpg\" alt=\"PhotoGrid_1401723378132\" width=\"600\" height=\"450\" \/><\/a><\/p>\r\n<p style=\"text-align: center\">J\u00f3 csereszny\u00e9z\u00e9st Mindenkinek!<\/p>\r\n<p style=\"text-align: center\"><a href=\"https:\/\/retikul.cafeblog.hu\/files\/2014\/06\/PhotoGrid_1401736962765.jpg\"><img class=\"aligncenter wp-image-1712 size-large\" src=\"https:\/\/retikul.cafeblog.hu\/files\/2014\/06\/PhotoGrid_1401736962765-600x600.jpg\" alt=\"PhotoGrid_1401736962765\" width=\"600\" height=\"600\" \/><\/a><\/p>\r\n<p style=\"text-align: center\"><a href=\"https:\/\/retikul.cafeblog.hu\/files\/2014\/06\/PhotoGrid_1401736228958.jpg\"><img class=\"aligncenter wp-image-1711 size-large\" src=\"https:\/\/retikul.cafeblog.hu\/files\/2014\/06\/PhotoGrid_1401736228958-600x600.jpg\" alt=\"PhotoGrid_1401736228958\" width=\"600\" height=\"600\" \/><\/a><\/p>\r\n<p style=\"text-align: center\">K\u00f6sz\u00f6n\u00f6m,hogy ben\u00e9zt\u00e9l hozz\u00e1m!<\/p>\r\n<p style=\"text-align: center\">Ha \u00e9rtes\u00fclni szeretn\u00e9l a leg\u00fajabb bejegyz\u00e9sekr\u0151l,kattints a Facebook-on is!<\/p>\r\n<p style=\"text-align: center\"><a title=\"https:\/\/www.facebook.com\/REtikul\" href=\"https:\/\/www.facebook.com\/REtikul\" target=\"_blank\">https:\/\/www.facebook.com\/REtikul<\/a><\/p>","type":"rich"}

REtikül és ami belefér...

REtikül

Cseresznyézzünk!

<p style="text-align: center">Érik a cseresznye,finom édes feketére...jó leszedni,jó megenni.Olyan kedves formája van,szívesen nézünk rá egy mosolygós cseresznye párra.Ezért aztán úgy döntöttünk néhány dolgot cseresznyés(z)ebbé teszünk a környezetünkben.</p>
<p style="text-align: center">Gyerkőcökkel megvalósítható ötletek!</p>
<p style="text-align: center">Jöjjön 7+1 tipp...miből is lesz a cseresznye.</p>
<p style="text-align: center">1.Nyomdázzunk csomagolópapírra!</p>
<p style="text-align: center">Egy parafadugó kell hozzá és némi tempera v.akril festék.</p>
<p style="text-align: center">A festéket kis tálkába v.szivacsra tesszük,belemártjuk a dugót és már kedvünk szerint nyomdázhatunk is.Ha megszáradt szárat,levelet rajzolunk.</p>
<p style="text-align: center"><a href="https://retikul.cafeblog.hu/files/2014/06/PhotoGrid_14017205119541.jpg"><img class="aligncenter wp-image-1714 size-large" src="https://retikul.cafeblog.hu/files/2014/06/PhotoGrid_14017205119541-600x458.jpg" alt="PhotoGrid_1401720511954" width="600" height="458" /></a></p>
<p style="text-align: center">2.Nyomdázzunk  pólóra!</p>
<p style="text-align: center">Az előzőekhez hasonlóan járunk el,de itt textil(PentArt-ot használtam) festékbe mártjuk a dugót,a szárához pedig textil filcet használunk.Száradás után pedig,sütőpapírt ráhelyezve átvasaljuk(fixáljuk).</p>
<p style="text-align: center"><a href="https://retikul.cafeblog.hu/files/2014/06/PhotoGrid_1401718496098.jpg"><img class="aligncenter wp-image-1693 size-large" src="https://retikul.cafeblog.hu/files/2014/06/PhotoGrid_1401718496098-600x450.jpg" alt="PhotoGrid_1401718496098" width="600" height="450" /></a></p>
<p style="text-align: center"><a href="https://retikul.cafeblog.hu/files/2014/06/PhotoGrid_1401718583858.jpg"><img class="aligncenter wp-image-1694 size-large" src="https://retikul.cafeblog.hu/files/2014/06/PhotoGrid_1401718583858-600x486.jpg" alt="PhotoGrid_1401718583858" width="600" height="486" /></a></p>
<p style="text-align: center">3.Ragasszunk kupak cseresznyét!</p>
<p style="text-align: center">A műanyag kupakok cseresznyésítése jó mulatság.</p>
<p style="text-align: center">Alapnak  kemény papírt válasszunk.Én ragasztópisztollyal rögzítettem.</p>
<p style="text-align: center">A szárához tönkrement ajándéktáska fülét használtam.</p>
<p style="text-align: center"><a href="https://retikul.cafeblog.hu/files/2014/06/PhotoGrid_1401718645824.jpg"><img class="aligncenter wp-image-1695 size-large" src="https://retikul.cafeblog.hu/files/2014/06/PhotoGrid_1401718645824-600x450.jpg" alt="PhotoGrid_1401718645824" width="600" height="450" /></a></p>
<p style="text-align: center">4.Készítsünk papírképet/üdvözlő lapot!</p>
<p style="text-align: center">A cseresznye szem,bonbonos(mini muffinos) papír.</p>
<p style="text-align: center"><a href="https://retikul.cafeblog.hu/files/2014/06/PhotoGrid_1401719711223.jpg"><img class="aligncenter wp-image-1700 size-large" src="https://retikul.cafeblog.hu/files/2014/06/PhotoGrid_1401719711223-600x450.jpg" alt="PhotoGrid_1401719711223" width="600" height="450" /></a></p>
<p style="text-align: center">5.Dióból cseresznye?</p>
<p style="text-align: center">Fél dió héját lefestjük akril festékkel.A szára itt is ajándéktáska fül.</p>
<p style="text-align: center"><a href="https://retikul.cafeblog.hu/files/2014/06/PhotoGrid_1401719827408.jpg"><img class="aligncenter wp-image-1701 size-large" src="https://retikul.cafeblog.hu/files/2014/06/PhotoGrid_1401719827408-449x600.jpg" alt="PhotoGrid_1401719827408" width="449" height="600" /></a></p>
<p style="text-align: center">6.Varrjunk gombból cseresznyét!</p>
<p style="text-align: center">A gombot saját magam készítettem.A gomb behúzásról <a title="https://retikul.cafeblog.hu/2014/05/05/textil-gombok/" href="https://retikul.cafeblog.hu/2014/05/05/textil-gombok/" target="_blank">itt</a> írtam.</p>
<p style="text-align: center">Egy sima trikót v.pólót egyedivé tehetünk egy pár cseresznyével.</p>
<p style="text-align: center"><a href="https://retikul.cafeblog.hu/files/2014/06/PhotoGrid_14017188017601.jpg"><img class="aligncenter wp-image-1715 size-large" src="https://retikul.cafeblog.hu/files/2014/06/PhotoGrid_14017188017601-600x449.jpg" alt="PhotoGrid_1401718801760" width="600" height="449" /></a></p>
<p style="text-align: center"><a href="https://retikul.cafeblog.hu/files/2014/06/PhotoGrid_1401718890844.jpg"><img class="aligncenter wp-image-1698 size-large" src="https://retikul.cafeblog.hu/files/2014/06/PhotoGrid_1401718890844-600x450.jpg" alt="PhotoGrid_1401718890844" width="600" height="450" /></a></p>
<p style="text-align: center">7.Készítsünk kitűzőt táskára!</p>
<p style="text-align: center">Elrugaszkodhatunk a szokásos 'piros a szeme,zöld a szára' felállástól..én itt piros szár(szintén tatyó fül),mintás gomb verziót választottam.Na,ha valaki nem ismeri fel,hogy ez cseresznye,hát segítek neki.</p>
<p style="text-align: center">Hasonlóképp behúzott gombból készítettem,ráragasztottam egy kitűző alapra,a száránál fogva és már biggyeszthettem is rá a kis táskára.</p>
<p style="text-align: center"><a href="https://retikul.cafeblog.hu/files/2014/06/PhotoGrid_1401720585511.jpg"><img class="aligncenter wp-image-1706 size-large" src="https://retikul.cafeblog.hu/files/2014/06/PhotoGrid_1401720585511-600x450.jpg" alt="PhotoGrid_1401720585511" width="600" height="450" /></a></p>
<p style="text-align: center">7+1.Pöttyösből cserkót!</p>
<p style="text-align: center">A kedvenc szalvétám hétköznapokon,ez a vidám pöttyös mintájú.</p>
<p style="text-align: center">Kicsit átalakítottam..egyszerűen szárat húztam a pöttyöknek..és lett belőle cseresznye.</p>
<p style="text-align: center"><a href="https://retikul.cafeblog.hu/files/2014/06/PhotoGrid_1401722069267.jpg"><img class="aligncenter wp-image-1707 size-large" src="https://retikul.cafeblog.hu/files/2014/06/PhotoGrid_1401722069267-449x600.jpg" alt="PhotoGrid_1401722069267" width="449" height="600" /></a></p>
<p style="text-align: center"><a href="https://retikul.cafeblog.hu/files/2014/06/PhotoGrid_1401723096302.jpg"><img class="aligncenter wp-image-1709 size-large" src="https://retikul.cafeblog.hu/files/2014/06/PhotoGrid_1401723096302-600x450.jpg" alt="PhotoGrid_1401723096302" width="600" height="450" /></a></p>
<p style="text-align: center"><a href="https://retikul.cafeblog.hu/files/2014/06/PhotoGrid_1401723041484.jpg"><img class="aligncenter wp-image-1708 size-large" src="https://retikul.cafeblog.hu/files/2014/06/PhotoGrid_1401723041484-449x600.jpg" alt="PhotoGrid_1401723041484" width="449" height="600" /></a></p>
<p style="text-align: center"><a href="https://retikul.cafeblog.hu/files/2014/06/PhotoGrid_1401723378132.jpg"><img class="aligncenter wp-image-1710 size-large" src="https://retikul.cafeblog.hu/files/2014/06/PhotoGrid_1401723378132-600x450.jpg" alt="PhotoGrid_1401723378132" width="600" height="450" /></a></p>
<p style="text-align: center">Jó cseresznyézést Mindenkinek!</p>
<p style="text-align: center"><a href="https://retikul.cafeblog.hu/files/2014/06/PhotoGrid_1401736962765.jpg"><img class="aligncenter wp-image-1712 size-large" src="https://retikul.cafeblog.hu/files/2014/06/PhotoGrid_1401736962765-600x600.jpg" alt="PhotoGrid_1401736962765" width="600" height="600" /></a></p>
<p style="text-align: center"><a href="https://retikul.cafeblog.hu/files/2014/06/PhotoGrid_1401736228958.jpg"><img class="aligncenter wp-image-1711 size-large" src="https://retikul.cafeblog.hu/files/2014/06/PhotoGrid_1401736228958-600x600.jpg" alt="PhotoGrid_1401736228958" width="600" height="600" /></a></p>
<p style="text-align: center">Köszönöm,hogy benéztél hozzám!</p>
<p style="text-align: center">Ha értesülni szeretnél a legújabb bejegyzésekről,kattints a Facebook-on is!</p>
<p style="text-align: center"><a title="https://www.facebook.com/REtikul" href="https://www.facebook.com/REtikul" target="_blank">https://www.facebook.com/REtikul</a></p>
