{"version":"1.0","provider_name":"REtik\u00fcl \u00e9s ami belef\u00e9r...","provider_url":"https:\/\/retikul.cafeblog.hu","author_name":"REtik\u00fcl","author_url":"https:\/\/retikul.cafeblog.hu\/author\/viragh_krisztina\/","title":"Ter\u00edt\u0151b\u0151l t\u00e1sk\u00e1t!","html":"<p style=\"text-align: center\">M\u00e1r vagy m\u00e1sf\u00e9l \u00e9ve v\u00e1rakozik,hogy le\u00edrjam,mutassam a k\u00f6vetkez\u0151ket.<\/p>\r\n<p style=\"text-align: center\">Most,hogy a ny\u00e1ri szabads\u00e1g kapuj\u00e1ban siker\u00fclt valami durva v\u00edrust benyelnem,a v\u00edzszintes helyzetet kihaszn\u00e1lva,gondoltam \u00e9pp' ideje,hogy el\u0151szedjem,megmutassam,le\u00edrjam...<\/p>\r\n<p style=\"text-align: center\">A t\u00f6rt\u00e9nete m\u00e9g r\u00e9gebbre ny\u00falik vissza,pl\u00e1ne ha ismern\u00e9nk,hogy ki k\u00e9sz\u00edtette ill.kinek az asztal\u00e1t d\u00edsz\u00edtette anno ez a horgolt ter\u00edt\u0151.<\/p>\r\n<p style=\"text-align: center\">\u00c9n kb.k\u00e9t \u00e9ve vettem egy turiban,400ft-\u00e9rt,m\u00e1r akkor l\u00e1ttam,hogy ebb\u0151l bizony t\u00e1ska lesz,egy REtik\u00fcl :) .<\/p>\r\n<p style=\"text-align: center\">Nem volt t\u00fal j\u00f3 \u00e1llapotban...\u00e1ztat\u00e1s,folttiszt\u00edt\u00e1s,egy kis feh\u00e9r\u00edt\u00e9s r\u00e1f\u00e9rt.<\/p>\r\n<p style=\"text-align: center\"><a href=\"https:\/\/retikul.cafeblog.hu\/files\/2016\/06\/IMG_1990_resize.jpg\"><img class=\"aligncenter size-large wp-image-5958\" src=\"https:\/\/retikul.cafeblog.hu\/files\/2016\/06\/IMG_1990_resize-600x400.jpg\" alt=\"IMG_1990_resize\" width=\"600\" height=\"400\" \/><\/a><\/p>\r\n<p style=\"text-align: center\">A f\u00fcleket m\u00e9g r\u00e9gebben,szint\u00e9n turiban tal\u00e1ltam,a t\u00e1ska ami hozz\u00e1 tartozott haszn\u00e1lhatatlan volt,de 300ft-t meg\u00e9rt a f\u00fclei miatt...A sz\u00e9p f\u00fclek \u00faj ter\u00edt\u0151re,akarom mondani t\u00e1sk\u00e1ra tal\u00e1ltak,ez\u00fattal ...<\/p>\r\n<p style=\"text-align: center\"><a href=\"https:\/\/retikul.cafeblog.hu\/files\/2016\/06\/IMG_1991_resize.jpg\"><img class=\"aligncenter size-large wp-image-5959\" src=\"https:\/\/retikul.cafeblog.hu\/files\/2016\/06\/IMG_1991_resize-600x400.jpg\" alt=\"IMG_1991_resize\" width=\"600\" height=\"400\" \/><\/a><\/p>\r\n<p style=\"text-align: center\"><a href=\"https:\/\/retikul.cafeblog.hu\/files\/2016\/06\/IMG_1995_resize.jpg\"><img class=\"aligncenter size-large wp-image-5960\" src=\"https:\/\/retikul.cafeblog.hu\/files\/2016\/06\/IMG_1995_resize-400x600.jpg\" alt=\"IMG_1995_resize\" width=\"400\" height=\"600\" \/><\/a><\/p>\r\n<p style=\"text-align: center\">Kerestem hasonl\u00f3 sz\u00edn\u0171 anyagot a marad\u00e9kok k\u00f6z\u00f6tt,varrtam bele egy b\u00e9l\u00e9st,r\u00e1h\u00faztam a f\u00fcleket \u00e9s m\u00e1r k\u00e9sz is egy igaz\u00e1n egyedi ny\u00e1ri t\u00e1ska.<\/p>\r\n<p style=\"text-align: center\"><a href=\"https:\/\/retikul.cafeblog.hu\/files\/2016\/06\/IMG_1997_resize.jpg\"><img class=\"aligncenter size-large wp-image-5961\" src=\"https:\/\/retikul.cafeblog.hu\/files\/2016\/06\/IMG_1997_resize-600x400.jpg\" alt=\"IMG_1997_resize\" width=\"600\" height=\"400\" \/><\/a><\/p>\r\n<p style=\"text-align: center\">A nagyobbik l\u00e1nyom r\u00f6gt\u00f6n kisaj\u00e1t\u00edtotta,az\u00e9rt egyszer-egyszer \u00e9n is k\u00f6lcs\u00f6nk\u00e9rem :) .<\/p>\r\n<p style=\"text-align: center\"><a href=\"https:\/\/retikul.cafeblog.hu\/files\/2016\/06\/IMG_2001_resize.jpg\"><img class=\"aligncenter size-large wp-image-5962\" src=\"https:\/\/retikul.cafeblog.hu\/files\/2016\/06\/IMG_2001_resize-400x600.jpg\" alt=\"IMG_2001_resize\" width=\"400\" height=\"600\" \/><\/a><\/p>\r\n<p style=\"text-align: center\"><a href=\"https:\/\/retikul.cafeblog.hu\/files\/2016\/06\/IMG_2004_resize.jpg\"><img class=\"aligncenter size-large wp-image-5963\" src=\"https:\/\/retikul.cafeblog.hu\/files\/2016\/06\/IMG_2004_resize-600x400.jpg\" alt=\"IMG_2004_resize\" width=\"600\" height=\"400\" \/><\/a><\/p>\r\n<p style=\"text-align: center\"><a href=\"https:\/\/retikul.cafeblog.hu\/files\/2016\/06\/IMG_2006_resize.jpg\"><img class=\"aligncenter size-large wp-image-5964\" src=\"https:\/\/retikul.cafeblog.hu\/files\/2016\/06\/IMG_2006_resize-600x400.jpg\" alt=\"IMG_2006_resize\" width=\"600\" height=\"400\" \/><\/a><\/p>\r\n<p style=\"text-align: center\"><a href=\"https:\/\/retikul.cafeblog.hu\/files\/2016\/06\/IMG_2016_resize.jpg\"><img class=\"aligncenter size-large wp-image-5965\" src=\"https:\/\/retikul.cafeblog.hu\/files\/2016\/06\/IMG_2016_resize-400x600.jpg\" alt=\"IMG_2016_resize\" width=\"400\" height=\"600\" \/><\/a><\/p>\r\n<p style=\"text-align: center\"><a href=\"https:\/\/retikul.cafeblog.hu\/files\/2016\/06\/IMG_2019_resize.jpg\"><img class=\"aligncenter size-large wp-image-5966\" src=\"https:\/\/retikul.cafeblog.hu\/files\/2016\/06\/IMG_2019_resize-600x400.jpg\" alt=\"IMG_2019_resize\" width=\"600\" height=\"400\" \/><\/a><\/p>\r\n<p style=\"text-align: center\">K\u00f6sz\u00f6n\u00f6m,hogy ben\u00e9zt\u00e9l hozz\u00e1m!<\/p>\r\n<p style=\"text-align: center\">A Facebook-on is megtal\u00e1lsz:<\/p>\r\n<p style=\"text-align: center\"><a href=\"https:\/\/www.facebook.com\/REtikul\/\">https:\/\/www.facebook.com\/REtikul\/<\/a><\/p>\r\n<p style=\"text-align: center\">\u00a0<\/p>","type":"rich"}

REtikül és ami belefér...

REtikül

Terítőből táskát!

<p style="text-align: center">Már vagy másfél éve várakozik,hogy leírjam,mutassam a következőket.</p>
<p style="text-align: center">Most,hogy a nyári szabadság kapujában sikerült valami durva vírust benyelnem,a vízszintes helyzetet kihasználva,gondoltam épp' ideje,hogy előszedjem,megmutassam,leírjam...</p>
<p style="text-align: center">A története még régebbre nyúlik vissza,pláne ha ismernénk,hogy ki készítette ill.kinek az asztalát díszítette anno ez a horgolt terítő.</p>
<p style="text-align: center">Én kb.két éve vettem egy turiban,400ft-ért,már akkor láttam,hogy ebből bizony táska lesz,egy REtikül :) .</p>
<p style="text-align: center">Nem volt túl jó állapotban...áztatás,folttisztítás,egy kis fehérítés ráfért.</p>
<p style="text-align: center"><a href="https://retikul.cafeblog.hu/files/2016/06/IMG_1990_resize.jpg"><img class="aligncenter size-large wp-image-5958" src="https://retikul.cafeblog.hu/files/2016/06/IMG_1990_resize-600x400.jpg" alt="IMG_1990_resize" width="600" height="400" /></a></p>
<p style="text-align: center">A füleket még régebben,szintén turiban találtam,a táska ami hozzá tartozott használhatatlan volt,de 300ft-t megért a fülei miatt...A szép fülek új terítőre,akarom mondani táskára találtak,ezúttal ...</p>
<p style="text-align: center"><a href="https://retikul.cafeblog.hu/files/2016/06/IMG_1991_resize.jpg"><img class="aligncenter size-large wp-image-5959" src="https://retikul.cafeblog.hu/files/2016/06/IMG_1991_resize-600x400.jpg" alt="IMG_1991_resize" width="600" height="400" /></a></p>
<p style="text-align: center"><a href="https://retikul.cafeblog.hu/files/2016/06/IMG_1995_resize.jpg"><img class="aligncenter size-large wp-image-5960" src="https://retikul.cafeblog.hu/files/2016/06/IMG_1995_resize-400x600.jpg" alt="IMG_1995_resize" width="400" height="600" /></a></p>
<p style="text-align: center">Kerestem hasonló színű anyagot a maradékok között,varrtam bele egy bélést,ráhúztam a füleket és már kész is egy igazán egyedi nyári táska.</p>
<p style="text-align: center"><a href="https://retikul.cafeblog.hu/files/2016/06/IMG_1997_resize.jpg"><img class="aligncenter size-large wp-image-5961" src="https://retikul.cafeblog.hu/files/2016/06/IMG_1997_resize-600x400.jpg" alt="IMG_1997_resize" width="600" height="400" /></a></p>
<p style="text-align: center">A nagyobbik lányom rögtön kisajátította,azért egyszer-egyszer én is kölcsönkérem :) .</p>
<p style="text-align: center"><a href="https://retikul.cafeblog.hu/files/2016/06/IMG_2001_resize.jpg"><img class="aligncenter size-large wp-image-5962" src="https://retikul.cafeblog.hu/files/2016/06/IMG_2001_resize-400x600.jpg" alt="IMG_2001_resize" width="400" height="600" /></a></p>
<p style="text-align: center"><a href="https://retikul.cafeblog.hu/files/2016/06/IMG_2004_resize.jpg"><img class="aligncenter size-large wp-image-5963" src="https://retikul.cafeblog.hu/files/2016/06/IMG_2004_resize-600x400.jpg" alt="IMG_2004_resize" width="600" height="400" /></a></p>
<p style="text-align: center"><a href="https://retikul.cafeblog.hu/files/2016/06/IMG_2006_resize.jpg"><img class="aligncenter size-large wp-image-5964" src="https://retikul.cafeblog.hu/files/2016/06/IMG_2006_resize-600x400.jpg" alt="IMG_2006_resize" width="600" height="400" /></a></p>
<p style="text-align: center"><a href="https://retikul.cafeblog.hu/files/2016/06/IMG_2016_resize.jpg"><img class="aligncenter size-large wp-image-5965" src="https://retikul.cafeblog.hu/files/2016/06/IMG_2016_resize-400x600.jpg" alt="IMG_2016_resize" width="400" height="600" /></a></p>
<p style="text-align: center"><a href="https://retikul.cafeblog.hu/files/2016/06/IMG_2019_resize.jpg"><img class="aligncenter size-large wp-image-5966" src="https://retikul.cafeblog.hu/files/2016/06/IMG_2019_resize-600x400.jpg" alt="IMG_2019_resize" width="600" height="400" /></a></p>
<p style="text-align: center">Köszönöm,hogy benéztél hozzám!</p>
<p style="text-align: center">A Facebook-on is megtalálsz:</p>
<p style="text-align: center"><a href="https://www.facebook.com/REtikul/">https://www.facebook.com/REtikul/</a></p>
<p style="text-align: center"> </p>
