{"version":"1.0","provider_name":"REtik\u00fcl \u00e9s ami belef\u00e9r...","provider_url":"https:\/\/retikul.cafeblog.hu","author_name":"REtik\u00fcl","author_url":"https:\/\/retikul.cafeblog.hu\/author\/viragh_krisztina\/","title":"D\u00edszek a sp\u00e1jzb\u00f3l","html":"<p style=\"text-align: center\">A nagymam\u00e1m sp\u00e1jz\u00e1ban tal\u00e1ltam,ezeket a s\u00fctiform\u00e1kat,nem t\u00fal sz\u00e9p \u00e1llapotban(megette a rozsda kicsit)...ez\u00e9rt egy\u00e9rtelm\u0171v\u00e9 v\u00e1lt,hogy s\u00fctit m\u00e1r nem s\u00fct\u00f6k benn\u00fck.<\/p>\r\n<p style=\"text-align: center\"><a href=\"https:\/\/retikul.cafeblog.hu\/files\/2016\/12\/IMG_0218_resize.jpg\"><img class=\"aligncenter size-large wp-image-6950\" src=\"https:\/\/retikul.cafeblog.hu\/files\/2016\/12\/IMG_0218_resize-400x600.jpg\" alt=\"img_0218_resize\" width=\"400\" height=\"600\" \/><\/a><\/p>\r\n<p style=\"text-align: center\">Valahogy r\u00f6gt\u00f6n tudtam,hogy kar\u00e1csonyfa d\u00edszt k\u00e9sz\u00edtek ezekb\u0151l,pedig ny\u00e1ron,a legnagyobb k\u00e1nikul\u00e1ban tal\u00e1ltam meg.<\/p>\r\n<p style=\"text-align: center\">Kapott egy r\u00e9teg kr\u00e9m sz\u00edn\u0171 akrilfest\u00e9ket,r\u00e1 pedig fekete \u00e9s feh\u00e9r kr\u00e9tafilccel rajzoltam.<\/p>\r\n<p style=\"text-align: center\">Lyukat \u00fct\u00f6ttem rajtuk,kis zsin\u00f3r \u00e9s m\u00e1r k\u00e9sz is egy garnit\u00fara \u00fajabb d\u00edsz.<\/p>\r\n<p style=\"text-align: center\">Feny\u0151n majd csak szombaton tesztelem.<\/p>\r\n<p style=\"text-align: center\"><a href=\"https:\/\/retikul.cafeblog.hu\/files\/2016\/12\/IMG_0254_resize.jpg\"><img class=\"aligncenter size-large wp-image-6955\" src=\"https:\/\/retikul.cafeblog.hu\/files\/2016\/12\/IMG_0254_resize-600x400.jpg\" alt=\"img_0254_resize\" width=\"600\" height=\"400\" \/><\/a><\/p>\r\n<p style=\"text-align: center\"><a href=\"https:\/\/retikul.cafeblog.hu\/files\/2016\/12\/IMG_0244_resize.jpg\"><img class=\"aligncenter size-large wp-image-6953\" src=\"https:\/\/retikul.cafeblog.hu\/files\/2016\/12\/IMG_0244_resize-600x400.jpg\" alt=\"img_0244_resize\" width=\"600\" height=\"400\" \/><\/a><\/p>\r\n<p style=\"text-align: center\"><a href=\"https:\/\/retikul.cafeblog.hu\/files\/2016\/12\/IMG_0238_resize.jpg\"><img class=\"aligncenter size-large wp-image-6952\" src=\"https:\/\/retikul.cafeblog.hu\/files\/2016\/12\/IMG_0238_resize-400x600.jpg\" alt=\"img_0238_resize\" width=\"400\" height=\"600\" \/><\/a><a href=\"https:\/\/retikul.cafeblog.hu\/files\/2016\/12\/IMG_0238_resize.jpg\"><br \/><\/a><a href=\"https:\/\/retikul.cafeblog.hu\/files\/2016\/12\/IMG_0237_resize.jpg\"><img class=\"aligncenter size-large wp-image-6951\" src=\"https:\/\/retikul.cafeblog.hu\/files\/2016\/12\/IMG_0237_resize-400x600.jpg\" alt=\"img_0237_resize\" width=\"400\" height=\"600\" \/><\/a><a href=\"https:\/\/retikul.cafeblog.hu\/files\/2016\/12\/IMG_0237_resize.jpg\"><br \/><\/a><a href=\"https:\/\/retikul.cafeblog.hu\/files\/2016\/12\/IMG_0251_resize.jpg\"><img class=\"aligncenter size-large wp-image-6954\" src=\"https:\/\/retikul.cafeblog.hu\/files\/2016\/12\/IMG_0251_resize-600x400.jpg\" alt=\"img_0251_resize\" width=\"600\" height=\"400\" \/><\/a><\/p>\r\n<p style=\"text-align: center\">\u00a0K\u00f6sz\u00f6n\u00f6m,hogy ben\u00e9zt\u00e9l hozz\u00e1m!<\/p>\r\n<p style=\"text-align: center\">A fb.on is megtal\u00e0lsz:<\/p>\r\n<p style=\"text-align: center\"><a href=\"https:\/\/www.facebook.com\/REtikul\/\">https:\/\/www.facebook.com\/REtikul\/<\/a><\/p>","type":"rich","thumbnail_url":"https:\/\/retikul.cafeblog.hu\/files\/2016\/12\/IMG_0254_resize-150x150.jpg","thumbnail_width":150,"thumbnail_height":150}

REtikül és ami belefér...

REtikül

Díszek a spájzból

<p style="text-align: center">A nagymamám spájzában találtam,ezeket a sütiformákat,nem túl szép állapotban(megette a rozsda kicsit)...ezért egyértelművé vált,hogy sütit már nem sütök bennük.</p>
<p style="text-align: center"><a href="https://retikul.cafeblog.hu/files/2016/12/IMG_0218_resize.jpg"><img class="aligncenter size-large wp-image-6950" src="https://retikul.cafeblog.hu/files/2016/12/IMG_0218_resize-400x600.jpg" alt="img_0218_resize" width="400" height="600" /></a></p>
<p style="text-align: center">Valahogy rögtön tudtam,hogy karácsonyfa díszt készítek ezekből,pedig nyáron,a legnagyobb kánikulában találtam meg.</p>
<p style="text-align: center">Kapott egy réteg krém színű akrilfestéket,rá pedig fekete és fehér krétafilccel rajzoltam.</p>
<p style="text-align: center">Lyukat ütöttem rajtuk,kis zsinór és már kész is egy garnitúra újabb dísz.</p>
<p style="text-align: center">Fenyőn majd csak szombaton tesztelem.</p>
<p style="text-align: center"><a href="https://retikul.cafeblog.hu/files/2016/12/IMG_0254_resize.jpg"><img class="aligncenter size-large wp-image-6955" src="https://retikul.cafeblog.hu/files/2016/12/IMG_0254_resize-600x400.jpg" alt="img_0254_resize" width="600" height="400" /></a></p>
<p style="text-align: center"><a href="https://retikul.cafeblog.hu/files/2016/12/IMG_0244_resize.jpg"><img class="aligncenter size-large wp-image-6953" src="https://retikul.cafeblog.hu/files/2016/12/IMG_0244_resize-600x400.jpg" alt="img_0244_resize" width="600" height="400" /></a></p>
<p style="text-align: center"><a href="https://retikul.cafeblog.hu/files/2016/12/IMG_0238_resize.jpg"><img class="aligncenter size-large wp-image-6952" src="https://retikul.cafeblog.hu/files/2016/12/IMG_0238_resize-400x600.jpg" alt="img_0238_resize" width="400" height="600" /></a><a href="https://retikul.cafeblog.hu/files/2016/12/IMG_0238_resize.jpg"><br /></a><a href="https://retikul.cafeblog.hu/files/2016/12/IMG_0237_resize.jpg"><img class="aligncenter size-large wp-image-6951" src="https://retikul.cafeblog.hu/files/2016/12/IMG_0237_resize-400x600.jpg" alt="img_0237_resize" width="400" height="600" /></a><a href="https://retikul.cafeblog.hu/files/2016/12/IMG_0237_resize.jpg"><br /></a><a href="https://retikul.cafeblog.hu/files/2016/12/IMG_0251_resize.jpg"><img class="aligncenter size-large wp-image-6954" src="https://retikul.cafeblog.hu/files/2016/12/IMG_0251_resize-600x400.jpg" alt="img_0251_resize" width="600" height="400" /></a></p>
<p style="text-align: center"> Köszönöm,hogy benéztél hozzám!</p>
<p style="text-align: center">A fb.on is megtalàlsz:</p>
<p style="text-align: center"><a href="https://www.facebook.com/REtikul/">https://www.facebook.com/REtikul/</a></p>
