{"version":"1.0","provider_name":"REtik\u00fcl \u00e9s ami belef\u00e9r...","provider_url":"https:\/\/retikul.cafeblog.hu","author_name":"REtik\u00fcl","author_url":"https:\/\/retikul.cafeblog.hu\/author\/viragh_krisztina\/","title":"Kar\u00e1csonyi f\u00fcgg\u0151d\u00edsz","html":"<p style=\"text-align: center\">Utols\u00f3 pillanatos aj\u00e1nd\u00e9k vagy aj\u00e1nd\u00e9k k\u00eds\u00e9r\u0151 vagy dekor\u00e1ci\u00f3 vagy ki minek sz\u00e1nja...<\/p>\r\n<p style=\"text-align: center\">A printeresten m\u00e1r t\u00f6bb hasonl\u00f3t l\u00e1ttam, most itt a saj\u00e1t verzi\u00f3, gyerekekkel k\u00e9sz\u00edtve...<\/p>\r\n<p style=\"text-align: center\">Egyszer\u0171 form\u00e1k, a v\u00e1g\u00e1s gyakorl\u00e1s\u00e1hoz is kiv\u00e1l\u00f3.<\/p>\r\n<p style=\"text-align: center\">Pap\u00edr marad\u00e9kok sz\u00fcks\u00e9gesek hozz\u00e1...<\/p>\r\n<p style=\"text-align: center\">\u00c9n nat\u00far sz\u00edneket v\u00e1lasztottam,megs\u00e1rgult ,t\u00f6nkrement k\u00f6nyv lapjait,csomagol\u00f3pap\u00edr marad\u00e9kokat, a kerethez egy kem\u00e9nyebb kartonpap\u00edrcs\u00edk sz\u00fcks\u00e9ges, de ak\u00e1r sajtosdobozt is felhaszn\u00e1lhatsz.<\/p>\r\n<p style=\"text-align: center\">1.l\u00e9p\u00e9s<\/p>\r\n<p style=\"text-align: center\">Megrajzoljuk(\u00e9n nem szoktam) \u00e9s kiv\u00e1gjuk a form\u00e1kat...pl.h\u00e1zik\u00f3k,hegyek,feny\u0151f\u00e1k stb.<\/p>\r\n<p style=\"text-align: center\">A csillagokat,h\u00f3pelyheket lyukasztottam.<\/p>\r\n<p style=\"text-align: center\"><a href=\"https:\/\/retikul.cafeblog.hu\/files\/2019\/12\/IMG_20191219_085222_resize.jpg\"><br \/><img class=\"aligncenter wp-image-8111 size-large\" src=\"https:\/\/retikul.cafeblog.hu\/files\/2019\/12\/IMG_20191219_085222_resize-600x346.jpg\" alt=\"\" width=\"600\" height=\"346\" \/><\/a><\/p>\r\n<p style=\"text-align: center\">2.l\u00e9p\u00e9s<\/p>\r\n<p style=\"text-align: center\">Egy karton cs\u00edkra elrendezgetj\u00fck \u00fagy,ahogy nek\u00fcnk tetszik \u00e9s r\u00e1 is ragasztjuk a form\u00e1kat.<\/p>\r\n<p style=\"text-align: center\"><a href=\"https:\/\/retikul.cafeblog.hu\/files\/2019\/12\/IMG_20191219_090334_resize.jpg\"><br \/><img class=\"aligncenter wp-image-8112 size-large\" src=\"https:\/\/retikul.cafeblog.hu\/files\/2019\/12\/IMG_20191219_090334_resize-600x400.jpg\" alt=\"\" width=\"600\" height=\"400\" \/><\/a><\/p>\r\n<p style=\"text-align: center\"><a href=\"https:\/\/retikul.cafeblog.hu\/files\/2019\/12\/IMG_20191219_090700_resize.jpg\"><img class=\"aligncenter wp-image-8113 size-large\" src=\"https:\/\/retikul.cafeblog.hu\/files\/2019\/12\/IMG_20191219_090700_resize-485x600.jpg\" alt=\"\" width=\"485\" height=\"600\" \/><\/a><\/p>\r\n<p style=\"text-align: center\">3.l\u00e9p\u00e9s<\/p>\r\n<p style=\"text-align: center\">K\u00f6r form\u00e1t hajl\u00edtunk a karton pap\u00edr cs\u00edkunkb\u00f3l \u00e9s a v\u00e9geit \u00f6sszeragasztjuk.<\/p>\r\n<p style=\"text-align: center\">H\u00e1z form\u00e1ra is hajtogathatjuk.<\/p>\r\n<p style=\"text-align: center\"><a href=\"https:\/\/retikul.cafeblog.hu\/files\/2019\/12\/IMG_20191219_090848_resize.jpg\"><img class=\"aligncenter wp-image-8114 size-large\" src=\"https:\/\/retikul.cafeblog.hu\/files\/2019\/12\/IMG_20191219_090848_resize-433x600.jpg\" alt=\"\" width=\"433\" height=\"600\" \/><\/a><\/p>\r\n<p style=\"text-align: center\">4.l\u00e9p\u00e9s<\/p>\r\n<p style=\"text-align: center\">A h\u00e1tteret r\u00e1ragasztjuk a karik\u00e1ra( ragaszt\u00f3pisztollyal a legegyszer\u0171bb) \u00e9s a felesleges, ki\u00e1ll\u00f3,r\u00e9szeket lev\u00e1gjuk.<\/p>\r\n<p style=\"text-align: center\">Akaszt\u00f3 gyan\u00e1nt vmi c\u00e9rnaf\u00e9l\u00e9t r\u00e1k\u00f6z\u00f6z\u00fcnk.<\/p>\r\n<p><a href=\"https:\/\/retikul.cafeblog.hu\/files\/2019\/12\/IMG_3167_resize.jpg\"><img class=\"aligncenter wp-image-8106 size-large\" src=\"https:\/\/retikul.cafeblog.hu\/files\/2019\/12\/IMG_3167_resize-400x600.jpg\" alt=\"\" width=\"400\" height=\"600\" \/><\/a><\/p>\r\n<p>&nbsp;<\/p>\r\n<p><a href=\"https:\/\/retikul.cafeblog.hu\/files\/2019\/12\/IMG_3161_resize.jpg\"><img class=\"aligncenter wp-image-8105 size-large\" src=\"https:\/\/retikul.cafeblog.hu\/files\/2019\/12\/IMG_3161_resize-600x400.jpg\" alt=\"\" width=\"600\" height=\"400\" \/><\/a><\/p>\r\n<p>&nbsp;<\/p>\r\n<p><a href=\"https:\/\/retikul.cafeblog.hu\/files\/2019\/12\/IMG_3179_resize.jpg\"><img class=\"aligncenter wp-image-8109 size-large\" src=\"https:\/\/retikul.cafeblog.hu\/files\/2019\/12\/IMG_3179_resize-600x400.jpg\" alt=\"\" width=\"600\" height=\"400\" \/><\/a><\/p>\r\n<p>&nbsp;<\/p>\r\n<p><a href=\"https:\/\/retikul.cafeblog.hu\/files\/2019\/12\/IMG_3171_resize.jpg\"><img class=\"aligncenter wp-image-8107 size-large\" src=\"https:\/\/retikul.cafeblog.hu\/files\/2019\/12\/IMG_3171_resize-600x400.jpg\" alt=\"\" width=\"600\" height=\"400\" \/><\/a><\/p>\r\n<p>&nbsp;<\/p>\r\n<p><a href=\"https:\/\/retikul.cafeblog.hu\/files\/2019\/12\/IMG_3178_resize.jpg\"><img class=\"aligncenter wp-image-8108 size-large\" src=\"https:\/\/retikul.cafeblog.hu\/files\/2019\/12\/IMG_3178_resize-400x600.jpg\" alt=\"\" width=\"400\" height=\"600\" \/><\/a><\/p>\r\n<p>&nbsp;<\/p>\r\n<p><a href=\"https:\/\/retikul.cafeblog.hu\/files\/2019\/12\/IMG_3180_resize.jpg\"><img class=\"aligncenter size-full wp-image-8110\" src=\"https:\/\/retikul.cafeblog.hu\/files\/2019\/12\/IMG_3180_resize.jpg\" alt=\"\" width=\"1200\" height=\"800\" \/><\/a><\/p>\r\n<p style=\"text-align: center\"><a href=\"https:\/\/retikul.cafeblog.hu\/files\/2019\/12\/IMG_20191218_150919_552.jpg\"><img class=\"aligncenter wp-image-8117 size-large\" src=\"https:\/\/retikul.cafeblog.hu\/files\/2019\/12\/IMG_20191218_150919_552-480x600.jpg\" alt=\"\" width=\"480\" height=\"600\" \/><\/a><\/p>\r\n<p style=\"text-align: center\">K\u00f6sz\u00f6n\u00f6m,hogy ben\u00e9zt\u00e9l hozz\u00e1m!<\/p>\r\n<p style=\"text-align: center\">Az instagramon is ott vagyok:<\/p>\r\n<p style=\"text-align: center\"><a href=\"https:\/\/www.instagram.com\/retikul_es_ami_belefer\/\">https:\/\/www.instagram.com\/retikul_es_ami_belefer\/<\/a><\/p>\r\n<p style=\"text-align: center\">A facebookon pedig itt tal\u00e1ltok:<\/p>\r\n<p style=\"text-align: center\"><a href=\"https:\/\/www.facebook.com\/REtikul\/\">https:\/\/www.facebook.com\/REtikul\/<\/a><\/p>\r\n<p>&nbsp;<\/p>","type":"rich","thumbnail_url":"https:\/\/retikul.cafeblog.hu\/files\/2019\/12\/IMG_3171_resize-150x150.jpg","thumbnail_width":150,"thumbnail_height":150}

REtikül és ami belefér...

REtikül

Karácsonyi függődísz

<p style="text-align: center">Utolsó pillanatos ajándék vagy ajándék kísérő vagy dekoráció vagy ki minek szánja...</p>
<p style="text-align: center">A printeresten már több hasonlót láttam, most itt a saját verzió, gyerekekkel készítve...</p>
<p style="text-align: center">Egyszerű formák, a vágás gyakorlásához is kiváló.</p>
<p style="text-align: center">Papír maradékok szükségesek hozzá...</p>
<p style="text-align: center">Én natúr színeket választottam,megsárgult ,tönkrement könyv lapjait,csomagolópapír maradékokat, a kerethez egy keményebb kartonpapírcsík szükséges, de akár sajtosdobozt is felhasználhatsz.</p>
<p style="text-align: center">1.lépés</p>
<p style="text-align: center">Megrajzoljuk(én nem szoktam) és kivágjuk a formákat...pl.házikók,hegyek,fenyőfák stb.</p>
<p style="text-align: center">A csillagokat,hópelyheket lyukasztottam.</p>
<p style="text-align: center"><a href="https://retikul.cafeblog.hu/files/2019/12/IMG_20191219_085222_resize.jpg"><br /><img class="aligncenter wp-image-8111 size-large" src="https://retikul.cafeblog.hu/files/2019/12/IMG_20191219_085222_resize-600x346.jpg" alt="" width="600" height="346" /></a></p>
<p style="text-align: center">2.lépés</p>
<p style="text-align: center">Egy karton csíkra elrendezgetjük úgy,ahogy nekünk tetszik és rá is ragasztjuk a formákat.</p>
<p style="text-align: center"><a href="https://retikul.cafeblog.hu/files/2019/12/IMG_20191219_090334_resize.jpg"><br /><img class="aligncenter wp-image-8112 size-large" src="https://retikul.cafeblog.hu/files/2019/12/IMG_20191219_090334_resize-600x400.jpg" alt="" width="600" height="400" /></a></p>
<p style="text-align: center"><a href="https://retikul.cafeblog.hu/files/2019/12/IMG_20191219_090700_resize.jpg"><img class="aligncenter wp-image-8113 size-large" src="https://retikul.cafeblog.hu/files/2019/12/IMG_20191219_090700_resize-485x600.jpg" alt="" width="485" height="600" /></a></p>
<p style="text-align: center">3.lépés</p>
<p style="text-align: center">Kör formát hajlítunk a karton papír csíkunkból és a végeit összeragasztjuk.</p>
<p style="text-align: center">Ház formára is hajtogathatjuk.</p>
<p style="text-align: center"><a href="https://retikul.cafeblog.hu/files/2019/12/IMG_20191219_090848_resize.jpg"><img class="aligncenter wp-image-8114 size-large" src="https://retikul.cafeblog.hu/files/2019/12/IMG_20191219_090848_resize-433x600.jpg" alt="" width="433" height="600" /></a></p>
<p style="text-align: center">4.lépés</p>
<p style="text-align: center">A hátteret ráragasztjuk a karikára( ragasztópisztollyal a legegyszerűbb) és a felesleges, kiálló,részeket levágjuk.</p>
<p style="text-align: center">Akasztó gyanánt vmi cérnafélét ráközözünk.</p>
<p><a href="https://retikul.cafeblog.hu/files/2019/12/IMG_3167_resize.jpg"><img class="aligncenter wp-image-8106 size-large" src="https://retikul.cafeblog.hu/files/2019/12/IMG_3167_resize-400x600.jpg" alt="" width="400" height="600" /></a></p>
<p>&nbsp;</p>
<p><a href="https://retikul.cafeblog.hu/files/2019/12/IMG_3161_resize.jpg"><img class="aligncenter wp-image-8105 size-large" src="https://retikul.cafeblog.hu/files/2019/12/IMG_3161_resize-600x400.jpg" alt="" width="600" height="400" /></a></p>
<p>&nbsp;</p>
<p><a href="https://retikul.cafeblog.hu/files/2019/12/IMG_3179_resize.jpg"><img class="aligncenter wp-image-8109 size-large" src="https://retikul.cafeblog.hu/files/2019/12/IMG_3179_resize-600x400.jpg" alt="" width="600" height="400" /></a></p>
<p>&nbsp;</p>
<p><a href="https://retikul.cafeblog.hu/files/2019/12/IMG_3171_resize.jpg"><img class="aligncenter wp-image-8107 size-large" src="https://retikul.cafeblog.hu/files/2019/12/IMG_3171_resize-600x400.jpg" alt="" width="600" height="400" /></a></p>
<p>&nbsp;</p>
<p><a href="https://retikul.cafeblog.hu/files/2019/12/IMG_3178_resize.jpg"><img class="aligncenter wp-image-8108 size-large" src="https://retikul.cafeblog.hu/files/2019/12/IMG_3178_resize-400x600.jpg" alt="" width="400" height="600" /></a></p>
<p>&nbsp;</p>
<p><a href="https://retikul.cafeblog.hu/files/2019/12/IMG_3180_resize.jpg"><img class="aligncenter size-full wp-image-8110" src="https://retikul.cafeblog.hu/files/2019/12/IMG_3180_resize.jpg" alt="" width="1200" height="800" /></a></p>
<p style="text-align: center"><a href="https://retikul.cafeblog.hu/files/2019/12/IMG_20191218_150919_552.jpg"><img class="aligncenter wp-image-8117 size-large" src="https://retikul.cafeblog.hu/files/2019/12/IMG_20191218_150919_552-480x600.jpg" alt="" width="480" height="600" /></a></p>
<p style="text-align: center">Köszönöm,hogy benéztél hozzám!</p>
<p style="text-align: center">Az instagramon is ott vagyok:</p>
<p style="text-align: center"><a href="https://www.instagram.com/retikul_es_ami_belefer/">https://www.instagram.com/retikul_es_ami_belefer/</a></p>
<p style="text-align: center">A facebookon pedig itt találtok:</p>
<p style="text-align: center"><a href="https://www.facebook.com/REtikul/">https://www.facebook.com/REtikul/</a></p>
<p>&nbsp;</p>
